)/(-3 - 0)). Suppose -6*v - 10 = -7*v. Calculate the greatest common factor of b and v.
10
Let d be ((-16)/(-12))/((-4)/(-6)). Suppose -3*l = d*l - 50. Calculate the highest common factor of l and 10.
10
Suppose 471 + 305 = -4*y. Let x = 281 + y. Calculate the highest common divisor of x and 58.
29
Suppose -4*j + 5*j - 18 = 0. What is the highest common factor of j and 18?
18
Let j be ((-4)/(-6))/((-6)/(-90)). What is the greatest common divisor of j and 25?
5
Suppose 31 = k + 21. Calculate the greatest common divisor of 80 and k.
10
Let n = -8 + 0. Let a(r) = r**3 + 9*r**2 + 8*r + 5. Let y be a(n). What is the greatest common factor of y and 2?
1
Let c be 5*3 - (23 + -19). Let v(f) = f**3 + 2*f**2 + 2*f - 8. Let u be v(-6). Let q = u + 263. What is the highest common factor of c and q?
11
Let u = -2 + 4. Let b = 6 + u. Calculate the greatest common divisor of 4 and b.
4
Suppose 75 = 3*k + 30. Suppose -k = -4*l + 177. Calculate the highest common divisor of 6 and l.
6
Let u be 545/35 - (-6)/14. Calculate the highest common factor of u and 8.
8
Let u be (-3 - (-4)/2) + 7. Let t = u + -1. Calculate the highest common factor of 55 and t.
5
Let s(x) = -x**2 + 9*x + 12. Let g be s(10). Let w = 4 + g. Calculate the highest common factor of w and 60.
6
Let d(p) = p**2 + 10*p + 12. Let n be d(-10). Suppose 3*x - 36 = -n. Calculate the highest common divisor of x and 72.
8
Let s(o) = -16*o**3 - 3*o**2 - o + 2. Suppose q - 1 = -3. Let y be s(q). Calculate the greatest common divisor of 12 and y.
12
Suppose 0 = -4*i + 4. Calculate the highest common factor of 2 and i.
1
Let g = 30 + -7. What is the greatest common factor of g and 115?
23
Suppose -3*r + 7*r = -l + 20, 2*r = -2*l + 4. Let g be (-1)/((-3)/(-18)) - (8 - 80). What is the greatest common factor of g and r?
6
Suppose -2*g = -5*g + 2*l + 1136, 2*g - 764 = 3*l. What is the greatest common divisor of 47 and g?
47
Suppose -2*k - 4 = 2*q, 5*k + 3*q + 3 = 1. Suppose k*n + 3*n - 35 = a, 3*a - 7 = -n. Suppose 5*g - 8 = 132. What is the greatest common factor of n and g?
7
Let t be (2 - 4)*(-2)/4. Suppose -11 = l - 63. Suppose -4*s = -4*b - l, -s + 4*b + 15 = -t. What is the highest common divisor of 12 and s?
12
Suppose -4*y + 2*i + 1096 = 4*i, 5*y - 1365 = -5*i. Let h be (-6)/4 - (-53)/2. Calculate the greatest common factor of h and y.
25
Suppose -4*j + 3*j + 65 = 0. Let i = j - 43. Let n = 101 + -46. Calculate the highest common factor of i and n.
11
Let j(h) = h**2 - h + 1. Let q be j(2). Suppose -q*n + 53 = -25. Suppose -f - f = 3*z - 201, 0 = -3*z + f + 192. Calculate the highest common factor of n and z.
13
Let l be 1 + (2 - 4) + 0. Let z(v) = 5*v**2 - 2*v - 1. Let p be z(l). Calculate the greatest common divisor of 6 and p.
6
Let q = 15 + -5. Calculate the greatest common factor of q and 80.
10
Let g be (-10)/15*(-17 + 2). What is the highest common divisor of 10 and g?
10
Suppose -2*j + 5*w = -0 - 190, -456 = -5*j + 3*w. Let r(h) = -h - 10. Let o be r(0). Let c = 0 - o. Calculate the highest common divisor of j and c.
10
Let s(v) = 25*v**2 - 3*v + 2. Let m be s(2). Let z be 3/3 + 1 - -10. What is the greatest common divisor of m and z?
12
Let p be (-5)/(-4) + (-1)/4. Let a be (-37 + 1)*p/(-1). Suppose -43*k + 2391 = 69. Calculate the highest common factor of a and k.
18
Let g = 353 + -321. Suppose 8*y - 4*y + 24 = 0. Let f be (-4)/6 - 100/y. What is the greatest common divisor of f and g?
16
Let s(b) = b - 1. Let g be s(3). Let t(a) = 2*a**3 + 0*a**2 + 4*a**3 + a**2 + g*a**3 - 2. Let c be t(2). What is the greatest common divisor of 22 and c?
22
Let j(n) = n**3 + n**2 - 2*n - 3. Let h be j(3). Calculate the highest common factor of 3 and h.
3
Let q = 62 - 60. What is the greatest common factor of 14 and q?
2
Suppose -r = 2*f - 29, -5*r - 42 = -5*f + 53. Let l be (f/6)/((-14)/(-63)). Suppose -3*n = -7*n + 24. Calculate the highest common divisor of n and l.
6
Let c(w) = 6*w - 1. Let p be c(1). Calculate the greatest common factor of p and 2.
1
Let d be (-1)/3*714/(-17). Suppose -r = 2*z, -r + 2*z - 1 = 5*z. What is the greatest common factor of r and d?
2
Let k(y) = -4*y + 49. Let l be k(9). What is the highest common factor of 351 and l?
13
Let i = -38 - -73. What is the highest common divisor of i and 5?
5
Suppose 0 = -l + z - 3*z + 111, 5 = z. Suppose -124 = -5*n + l. Let q(j) = j**2 - j + 3. Let c be q(-3). What is the highest common factor of c and n?
15
Suppose a = 29 - 17. What is the greatest common factor of 72 and a?
12
Let i = 563 - 388. Calculate the highest common divisor of 70 and i.
35
Let a be 54/15 - 12/(-30). What is the highest common divisor of a and 44?
4
Suppose -64 - 36 = 4*b - 2*v, 3*v = -4*b - 90. Let x be (-2)/(-8) - 114/b. Calculate the highest common factor of x and 5.
5
Let z(c) = 3*c - 21. Let g = 2 + 9. Let b be z(g). What is the highest common factor of b and 4?
4
Suppose g + 5*r - 8 = 0, -4*g + 2*r = r - 32. Calculate the highest common divisor of g and 88.
8
Let g be (-17)/(34/(-800)) - (1 + -1). Calculate the highest common divisor of g and 50.
50
Let b be 3/(-12) - (-4)/16 - -11. Calculate the greatest common divisor of 11 and b.
11
Let l(g) = 2 + 0 + 11*g + 18*g. Let p be l(2). Let n(h) = -3*h**3 - h**2 - h - 2. Let k be n(-2). What is the highest common factor of k and p?
20
Let h(r) = -r**3 - 5*r**2 + 8*r + 13. Let i be h(-6). Let j be (-2 + 0)/(-1 + -1). Let u be i + (0 + j)*0. Calculate the highest common factor of u and 11.
1
Let l(a) = -6*a - 2 - 4*a**2 + 1 + 3 + 3*a**2. Let g be l(-6). What is the highest common divisor of g and 3?
1
Let a = -9 + 14. Suppose 3*j + a = -4*n, 3*j - 4*n = -8 + 19. Let g(y) = y**3 + 6*y**2 + 7. Let d be g(-6). What is the highest common divisor of j and d?
1
Let c be (84/16*-1)/(1/(-4)). What is the highest common divisor of c and 14?
7
Suppose -i - 3*w + 7 = 0, w - 1 = -2*i + 18. Let m = i - -34. What is the highest common factor of 11 and m?
11
Suppose -63 = -4*r + r. What is the highest common divisor of 231 and r?
21
Let z be (1 + -52)*(-20)/12. Suppose -2*i - 168 = -5*m, 0 = -4*i + 2 + 2. Calculate the greatest common factor of m and z.
17
Suppose -5*m - 156 = -9*m. Calculate the highest common factor of 26 and m.
13
Let y be -3*20/36*-3. What is the greatest common divisor of 25 and y?
5
Suppose -5*n = 2 - 7. Let u(q) = 3*q**3 + 9*q**3 + 3*q**2 - q - 2*q**2. Let t be u(n). What is the highest common factor of t and 48?
12
Let p(i) = -6*i + 2. Let q(x) = 13*x - 5. Let u(w) = -7*p(w) - 3*q(w). Let r be u(13). Let j = -3 - -8. Calculate the highest common factor of j and r.
5
Let s = 15 + -25. Let r = -7 - s. Suppose r*o - 8 - 13 = 0. What is the highest common divisor of o and 56?
7
Suppose l - 41 - 57 = 0. Suppose 38 = 2*k + 2*y, -90 = -3*k - 2*k - 4*y. What is the greatest common divisor of l and k?
14
Let x(b) = b**2 - 31. Let k be x(-11). Calculate the greatest common factor of 10 and k.
10
Let s be 322/28 + (-3)/(-2). What is the highest common divisor of s and 117?
13
Let c be 14*20/(-8)*-5. Suppose 7*s + c = 2*a + 2*s, -5*s + 275 = 3*a. Calculate the highest common factor of a and 10.
10
Let j = -625 - -891. Calculate the greatest common factor of j and 38.
38
Let k be -9*-10*(-4)/(-8). Calculate the greatest common factor of k and 9.
9
Let o = -112 - -162. Let z = -4 - -7. Suppose 2*t + 5*b = t + 50, -z*t + 5*b = -250. What is the greatest common factor of t and o?
25
Let w be (-2)/(3*4/(-54)). What is the greatest common factor of w and 9?
9
Let l(p) = 50*p - 2. Let s be l(4). Let i be 22 + 3 + -6 + 3. Calculate the highest common divisor of i and s.
22
Suppose -3 - 7 = -v. Let k be -3 + (-2)/(-1) - -21. Calculate the greatest common factor of v and k.
10
Let q(u) = u**3 + 4*u**2 - 7*u - 5. Let f be q(-5). Let a = 3 - f. Let t be (9 - -2)*(a + 11). Calculate the highest common factor of 11 and t.
11
Let p be 2/8 + 2/(-8). Let j = p + 5. Suppose -j*z + 62 = 4*q, 0*q + 3*q - 5*z - 29 = 0. What is the highest common factor of q and 117?
13
Let f be ((-1)/(-3))/((-12)/(-324)). Let v = 0 + 9. What is the greatest common factor of f and v?
9
Let w be 214/3 + -2*3/(-9). Calculate the greatest common factor of 8 and w.
8
Suppose -2*s + 525 = 5*k, 3*k + 0*s - 315 = -5*s. Calculate the highest common factor of 42 